{"id":2634,"date":"2026-08-21T15:00:15","date_gmt":"2026-08-21T13:00:15","guid":{"rendered":"https:\/\/gn.ycona.one\/?page_id=2634"},"modified":"2026-08-21T15:09:09","modified_gmt":"2026-08-21T13:09:09","slug":"politica-de-privacidad","status":"publish","type":"page","link":"https:\/\/gn.ycona.one\/es\/politica-de-privacidad\/","title":{"rendered":"Pol\u00edtica de privacidad"},"content":{"rendered":"\n<div style=\"height:100px\" aria-hidden=\"true\" class=\"wp-block-spacer\"><\/div>\n\n\n\n<div class=\"wp-block-group container\"><div class=\"wp-block-group__inner-container is-layout-constrained wp-block-group-is-layout-constrained\">\n<h1 class=\"wp-block-heading\">Pol\u00edtica de privacidad<\/h1>\n\n\n\n<h2 class=\"wp-block-heading\">\u00a7 1 Informaci\u00f3n sobre la recopilaci\u00f3n de datos personales<\/h2>\n\n\n\n<p class=\"wp-block-paragraph\">(1) A continuaci\u00f3n le informamos sobre la recopilaci\u00f3n de datos personales al utilizar nuestro sitio web. Los datos personales son todos aquellos datos que pueden relacionarse personalmente con usted, por ejemplo, nombre, direcci\u00f3n, direcciones de correo electr\u00f3nico o comportamiento del usuario.<\/p>\n\n\n\n<p class=\"wp-block-paragraph\">(2) El responsable del tratamiento conforme al art. 4, apartado 7, del Reglamento General de Protecci\u00f3n de Datos de la UE (RGPD) es:<\/p>\n\n\n\n<p class=\"wp-block-paragraph\"><strong>S+ MediaWorks GmbH<\/strong><br>Robin Stroh\u00e4ker<br>Dekan-Stockmayer-Str. 1<br>72202 Nagold<br>Alemania<br>Tel\u00e9fono:<br>Correo electr\u00f3nico: <a href=\"mailto:info@splusmediaworks.com\">info@splusmediaworks.com<\/a><br>Sitio web: <a href=\"https:\/\/splusmediaworks.com\/wp-content\/themes\/bootscore-child\/maintenance\/legal\/www.splusmediaworks.com\">www.splusmediaworks.com<\/a><\/p>\n\n\n\n<p class=\"wp-block-paragraph\">(3) Cuando se ponga en contacto con nosotros por correo electr\u00f3nico o mediante nuestro formulario de contacto, almacenaremos los datos que nos facilite (su direcci\u00f3n de correo electr\u00f3nico y, en su caso, su nombre y n\u00famero de tel\u00e9fono) con el fin de responder a sus consultas. Eliminaremos los datos generados en este contexto una vez que ya no sea necesario conservarlos o limitaremos su tratamiento si existen obligaciones legales de conservaci\u00f3n.<\/p>\n\n\n\n<p class=\"wp-block-paragraph\">(4) El tratamiento de datos con el fin de ponerse en contacto con nosotros se realiza de conformidad con el art. 6, apartado 1, letra a) del RGPD, sobre la base del consentimiento que usted haya otorgado voluntariamente.<\/p>\n\n\n\n<p class=\"wp-block-paragraph\">(5) Si recurrimos a proveedores de servicios contratados para determinadas funciones de nuestra oferta o deseamos utilizar sus datos con fines publicitarios, le informaremos detalladamente a continuaci\u00f3n sobre los respectivos procesos. Tambi\u00e9n indicaremos los criterios establecidos para determinar el per\u00edodo de conservaci\u00f3n.<\/p>\n\n\n\n<h2 class=\"wp-block-heading\">\u00a7 2 Sus derechos<\/h2>\n\n\n\n<p class=\"wp-block-paragraph\">(1) Usted tiene los siguientes derechos con respecto a los datos personales que le conciernen:<\/p>\n\n\n\n<ul class=\"wp-block-list\">\n<li>Derecho de acceso (art. 15 RGPD),<\/li>\n\n\n\n<li>Derecho de rectificaci\u00f3n (art. 16 RGPD),<\/li>\n\n\n\n<li>Derecho de supresi\u00f3n (art. 17 RGPD),<\/li>\n\n\n\n<li>Derecho a la limitaci\u00f3n del tratamiento (art. 18 RGPD),<\/li>\n\n\n\n<li>Derecho de oposici\u00f3n al tratamiento (art. 21 RGPD),<\/li>\n\n\n\n<li>Derecho a la portabilidad de los datos (art. 20 RGPD),<\/li>\n\n\n\n<li>Derecho a retirar el consentimiento en materia de protecci\u00f3n de datos (art. 7, apartado 3 RGPD).<\/li>\n<\/ul>\n\n\n\n<p class=\"wp-block-paragraph\">(2) Asimismo, tiene derecho a presentar una reclamaci\u00f3n ante una autoridad de control de protecci\u00f3n de datos en relaci\u00f3n con el tratamiento de sus datos personales por nuestra parte (art. 77 RGPD). La autoridad de control competente es el Comisionado Estatal de Protecci\u00f3n de Datos del estado federado de Baden-W\u00fcrttemberg: <a href=\"https:\/\/www.baden-wuerttemberg.datenschutz.de\/\">https:\/\/www.baden-wuerttemberg.datenschutz.de\/<\/a><\/p>\n\n\n\n<h2 class=\"wp-block-heading\">\u00a7 3 Recopilaci\u00f3n de datos personales al visitar nuestro sitio web<\/h2>\n\n\n\n<p class=\"wp-block-paragraph\">(1) Cuando utilice el sitio web \u00fanicamente con fines informativos, es decir, si no se registra ni nos facilita informaci\u00f3n de otro modo, solo recopilaremos los datos personales que su navegador transmita a nuestro servidor. Si desea visitar nuestro sitio web, recopilaremos los siguientes datos, que son t\u00e9cnicamente necesarios para mostrarle nuestro sitio web y garantizar su estabilidad y seguridad (base jur\u00eddica: art. 6, apartado 1, letra f) RGPD):<\/p>\n\n\n\n<ul class=\"wp-block-list\">\n<li>Direcci\u00f3n IP<\/li>\n\n\n\n<li>Fecha y hora de la solicitud<\/li>\n\n\n\n<li>Diferencia horaria respecto a la hora media de Greenwich (GMT)<\/li>\n\n\n\n<li>Contenido de la solicitud (p\u00e1gina concreta)<\/li>\n\n\n\n<li>Estado de acceso\/c\u00f3digo de estado HTTP<\/li>\n\n\n\n<li>Cantidad de datos transferidos en cada caso<\/li>\n\n\n\n<li>Sitio web desde el que procede la solicitud<\/li>\n\n\n\n<li>Navegador<\/li>\n\n\n\n<li>Sistema operativo y su interfaz<\/li>\n\n\n\n<li>Idioma y versi\u00f3n del software del navegador<\/li>\n<\/ul>\n\n\n\n<p class=\"wp-block-paragraph\">(2) Adem\u00e1s de los datos mencionados anteriormente, se almacenan cookies en su ordenador cuando utiliza nuestro sitio web. Las cookies son peque\u00f1os archivos de texto que se almacenan en su disco duro y se asignan al navegador que utiliza, mediante los cuales determinada informaci\u00f3n llega a la entidad que establece la cookie (en este caso, nosotros). Las cookies no pueden ejecutar programas ni transmitir virus a su ordenador. Se utilizan para hacer que la oferta de Internet sea, en general, m\u00e1s f\u00e1cil de usar y eficaz.<\/p>\n\n\n\n<p class=\"wp-block-paragraph\">(3) Uso de cookies:<\/p>\n\n\n\n<ol class=\"wp-block-list\">\n<li>a) Este sitio web utiliza los siguientes tipos de cookies, cuyo alcance y funcionamiento se explican a continuaci\u00f3n:<\/li>\n<\/ol>\n\n\n\n<ul class=\"wp-block-list\">\n<li>Cookies temporales (v\u00e9ase b)<\/li>\n\n\n\n<li>Cookies persistentes (v\u00e9ase c).<\/li>\n<\/ul>\n\n\n\n<ol start=\"2\" class=\"wp-block-list\">\n<li>b) Las cookies temporales se eliminan autom\u00e1ticamente cuando cierra el navegador. Entre ellas se incluyen especialmente las cookies de sesi\u00f3n. Estas almacenan un denominado ID de sesi\u00f3n, mediante el cual las distintas solicitudes de su navegador pueden asignarse a la misma sesi\u00f3n. Esto permite reconocer su ordenador cuando vuelve a visitar nuestro sitio web. Las cookies de sesi\u00f3n se eliminan cuando cierra sesi\u00f3n o cierra el navegador.<\/li>\n\n\n\n<li>c) Las cookies persistentes se eliminan autom\u00e1ticamente despu\u00e9s de un per\u00edodo predeterminado, que puede variar dependiendo de la cookie. Puede eliminar las cookies en cualquier momento desde la configuraci\u00f3n de seguridad de su navegador.<\/li>\n\n\n\n<li>d) Puede configurar su navegador seg\u00fan sus preferencias y, por ejemplo, rechazar la aceptaci\u00f3n de cookies de terceros o de todas las cookies. Le advertimos de que es posible que en ese caso no pueda utilizar todas las funciones de este sitio web.<\/li>\n\n\n\n<li>e) Utilizamos cookies para poder identificarle en visitas posteriores si dispone de una cuenta con nosotros. De lo contrario, tendr\u00eda que iniciar sesi\u00f3n nuevamente en cada visita.<\/li>\n\n\n\n<li>f) Las cookies Flash utilizadas no son detectadas por su navegador, sino por su <a href=\"https:\/\/ycona.one\/glossary\/plugin\/\">plug-in<\/a> de Flash. Asimismo, utilizamos objetos de almacenamiento HTML5 que se almacenan en su dispositivo. Estos objetos almacenan los datos necesarios independientemente del navegador utilizado y no tienen una fecha de caducidad autom\u00e1tica. Si no desea que se procesen las cookies Flash, deber\u00e1 instalar un <a href=\"https:\/\/gn.ycona.one\/glossary\/plugin\/\">complemento<\/a> adecuado, por ejemplo, \u201cBetter Privacy\u201d para Mozilla Firefox (<a href=\"https:\/\/ycona.one\/glossary\/http\/\">https<\/a>:\/\/addons.mozilla.org\/de\/firefox\/addon\/betterprivacy\/) o Adobe Flash Killer Cookie para Google Chrome. Puede impedir el uso de objetos de almacenamiento HTML5 utilizando el modo privado de su navegador. Asimismo, recomendamos eliminar manualmente y de forma peri\u00f3dica las cookies y el historial del navegador.<\/li>\n<\/ol>\n\n\n\n<h2 class=\"wp-block-heading\">\u00a7 4 Otras funciones y servicios de nuestro sitio web<\/h2>\n\n\n\n<p class=\"wp-block-paragraph\">(1) Adem\u00e1s del uso meramente informativo de nuestro sitio web, ofrecemos diversos servicios que puede utilizar si est\u00e1 interesado. Para ello, normalmente deber\u00e1 facilitar otros datos personales que utilizaremos para prestar el servicio correspondiente y a los que se aplicar\u00e1n los principios de tratamiento de datos mencionados anteriormente.<\/p>\n\n\n\n<p class=\"wp-block-paragraph\">(2) En algunos casos recurrimos a proveedores de servicios externos para procesar sus datos. Estos han sido cuidadosamente seleccionados y contratados por nosotros, est\u00e1n sujetos a nuestras instrucciones y son supervisados peri\u00f3dicamente.<\/p>\n\n\n\n<p class=\"wp-block-paragraph\">(3) Asimismo, podemos transmitir sus datos personales a terceros cuando la participaci\u00f3n en promociones, sorteos, celebraci\u00f3n de contratos o servicios similares sean ofrecidos por nosotros conjuntamente con socios. Recibir\u00e1 informaci\u00f3n m\u00e1s detallada al facilitar sus datos personales o en la descripci\u00f3n correspondiente de la oferta que figura a continuaci\u00f3n.<\/p>\n\n\n\n<p class=\"wp-block-paragraph\">(4) En caso de que nuestros proveedores de servicios o socios tengan su sede en un pa\u00eds fuera del Espacio Econ\u00f3mico Europeo (EEE), le informaremos de las consecuencias de dicha circunstancia en la descripci\u00f3n del servicio correspondiente.<\/p>\n\n\n\n<h2 class=\"wp-block-heading\">\u00a7 5 Oposici\u00f3n o retirada del consentimiento al tratamiento de sus datos<\/h2>\n\n\n\n<p class=\"wp-block-paragraph\">(1) Si ha otorgado su consentimiento para el tratamiento de sus datos, puede retirarlo en cualquier momento. Dicha retirada afectar\u00e1 a la legitimidad del tratamiento de sus datos personales a partir del momento en que nos la comunique.<\/p>\n\n\n\n<p class=\"wp-block-paragraph\">(2) En la medida en que basemos el tratamiento de sus datos personales en una ponderaci\u00f3n de intereses, puede oponerse al tratamiento. Este es especialmente el caso cuando el tratamiento no sea necesario para la ejecuci\u00f3n de un contrato con usted, tal como se explica en las descripciones correspondientes de las funciones que figuran a continuaci\u00f3n. En caso de ejercer dicho derecho de oposici\u00f3n, le rogamos que exponga las razones por las que no deber\u00edamos tratar sus datos personales de la manera en que lo hacemos. En caso de que su oposici\u00f3n est\u00e9 justificada, examinaremos la situaci\u00f3n y procederemos a suspender o adaptar el tratamiento de los datos, o le indicaremos nuestros motivos leg\u00edtimos imperiosos que justifican la continuaci\u00f3n del tratamiento.<\/p>\n\n\n\n<p class=\"wp-block-paragraph\">(3) Por supuesto, puede oponerse en cualquier momento al tratamiento de sus datos personales con fines publicitarios y de an\u00e1lisis de datos. Puede informarnos de su oposici\u00f3n a la publicidad utilizando los datos de contacto indicados anteriormente.<\/p>\n\n\n\n<h2 class=\"wp-block-heading\">\u00a7 6 Vigencia y modificaci\u00f3n de esta Pol\u00edtica de privacidad<\/h2>\n\n\n\n<p class=\"wp-block-paragraph\">La presente Pol\u00edtica de privacidad est\u00e1 actualmente vigente y fue actualizada en julio de 2026. Debido al desarrollo continuo de nuestro sitio web y de los servicios ofrecidos en \u00e9l, o como consecuencia de modificaciones de las disposiciones legales o reglamentarias, puede ser necesario modificar esta Pol\u00edtica de privacidad. La versi\u00f3n vigente de la Pol\u00edtica de privacidad puede consultarse e imprimirse en cualquier momento desde el sitio web.<\/p>\n<\/div><\/div>\n\n\n\n<div style=\"height:100px\" aria-hidden=\"true\" class=\"wp-block-spacer\"><\/div>\n","protected":false},"excerpt":{"rendered":"<p>Pol\u00edtica de privacidad \u00a7 1 Informaci\u00f3n sobre la recopilaci\u00f3n de datos personales (1) A continuaci\u00f3n le informamos sobre la recopilaci\u00f3n de datos personales al utilizar nuestro sitio web. Los datos personales son todos aquellos datos que pueden relacionarse personalmente con usted, por ejemplo, nombre, direcci\u00f3n, direcciones de correo electr\u00f3nico o comportamiento del usuario. (2) El [&hellip;]<\/p>\n","protected":false},"author":1,"featured_media":0,"parent":0,"menu_order":0,"comment_status":"closed","ping_status":"closed","template":"","meta":{"footnotes":""},"class_list":["post-2634","page","type-page","status-publish","hentry"],"_links":{"self":[{"href":"https:\/\/gn.ycona.one\/es\/wp-json\/wp\/v2\/pages\/2634","targetHints":{"allow":["GET"]}}],"collection":[{"href":"https:\/\/gn.ycona.one\/es\/wp-json\/wp\/v2\/pages"}],"about":[{"href":"https:\/\/gn.ycona.one\/es\/wp-json\/wp\/v2\/types\/page"}],"author":[{"embeddable":true,"href":"https:\/\/gn.ycona.one\/es\/wp-json\/wp\/v2\/users\/1"}],"replies":[{"embeddable":true,"href":"https:\/\/gn.ycona.one\/es\/wp-json\/wp\/v2\/comments?post=2634"}],"version-history":[{"count":1,"href":"https:\/\/gn.ycona.one\/es\/wp-json\/wp\/v2\/pages\/2634\/revisions"}],"predecessor-version":[{"id":2635,"href":"https:\/\/gn.ycona.one\/es\/wp-json\/wp\/v2\/pages\/2634\/revisions\/2635"}],"wp:attachment":[{"href":"https:\/\/gn.ycona.one\/es\/wp-json\/wp\/v2\/media?parent=2634"}],"curies":[{"name":"wp","href":"https:\/\/api.w.org\/{rel}","templated":true}]}}

Política de privacidad

<div style="height:100px" aria-hidden="true" class="wp-block-spacer"></div>



<div class="wp-block-group container"><div class="wp-block-group__inner-container is-layout-constrained wp-block-group-is-layout-constrained">
<h1 class="wp-block-heading">Política de privacidad</h1>



<h2 class="wp-block-heading">§ 1 Información sobre la recopilación de datos personales</h2>



<p class="wp-block-paragraph">(1) A continuación le informamos sobre la recopilación de datos personales al utilizar nuestro sitio web. Los datos personales son todos aquellos datos que pueden relacionarse personalmente con usted, por ejemplo, nombre, dirección, direcciones de correo electrónico o comportamiento del usuario.</p>



<p class="wp-block-paragraph">(2) El responsable del tratamiento conforme al art. 4, apartado 7, del Reglamento General de Protección de Datos de la UE (RGPD) es:</p>



<p class="wp-block-paragraph"><strong>S+ MediaWorks GmbH</strong><br>Robin Strohäker<br>Dekan-Stockmayer-Str. 1<br>72202 Nagold<br>Alemania<br>Teléfono:<br>Correo electrónico: <a href="mailto:info@splusmediaworks.com">info@splusmediaworks.com</a><br>Sitio web: <a href="https://splusmediaworks.com/wp-content/themes/bootscore-child/maintenance/legal/www.splusmediaworks.com">www.splusmediaworks.com</a></p>



<p class="wp-block-paragraph">(3) Cuando se ponga en contacto con nosotros por correo electrónico o mediante nuestro formulario de contacto, almacenaremos los datos que nos facilite (su dirección de correo electrónico y, en su caso, su nombre y número de teléfono) con el fin de responder a sus consultas. Eliminaremos los datos generados en este contexto una vez que ya no sea necesario conservarlos o limitaremos su tratamiento si existen obligaciones legales de conservación.</p>



<p class="wp-block-paragraph">(4) El tratamiento de datos con el fin de ponerse en contacto con nosotros se realiza de conformidad con el art. 6, apartado 1, letra a) del RGPD, sobre la base del consentimiento que usted haya otorgado voluntariamente.</p>



<p class="wp-block-paragraph">(5) Si recurrimos a proveedores de servicios contratados para determinadas funciones de nuestra oferta o deseamos utilizar sus datos con fines publicitarios, le informaremos detalladamente a continuación sobre los respectivos procesos. También indicaremos los criterios establecidos para determinar el período de conservación.</p>



<h2 class="wp-block-heading">§ 2 Sus derechos</h2>



<p class="wp-block-paragraph">(1) Usted tiene los siguientes derechos con respecto a los datos personales que le conciernen:</p>



<ul class="wp-block-list">
<li>Derecho de acceso (art. 15 RGPD),</li>



<li>Derecho de rectificación (art. 16 RGPD),</li>



<li>Derecho de supresión (art. 17 RGPD),</li>



<li>Derecho a la limitación del tratamiento (art. 18 RGPD),</li>



<li>Derecho de oposición al tratamiento (art. 21 RGPD),</li>



<li>Derecho a la portabilidad de los datos (art. 20 RGPD),</li>



<li>Derecho a retirar el consentimiento en materia de protección de datos (art. 7, apartado 3 RGPD).</li>
</ul>



<p class="wp-block-paragraph">(2) Asimismo, tiene derecho a presentar una reclamación ante una autoridad de control de protección de datos en relación con el tratamiento de sus datos personales por nuestra parte (art. 77 RGPD). La autoridad de control competente es el Comisionado Estatal de Protección de Datos del estado federado de Baden-Württemberg: <a href="https://www.baden-wuerttemberg.datenschutz.de/">https://www.baden-wuerttemberg.datenschutz.de/</a></p>



<h2 class="wp-block-heading">§ 3 Recopilación de datos personales al visitar nuestro sitio web</h2>



<p class="wp-block-paragraph">(1) Cuando utilice el sitio web únicamente con fines informativos, es decir, si no se registra ni nos facilita información de otro modo, solo recopilaremos los datos personales que su navegador transmita a nuestro servidor. Si desea visitar nuestro sitio web, recopilaremos los siguientes datos, que son técnicamente necesarios para mostrarle nuestro sitio web y garantizar su estabilidad y seguridad (base jurídica: art. 6, apartado 1, letra f) RGPD):</p>



<ul class="wp-block-list">
<li>Dirección IP</li>



<li>Fecha y hora de la solicitud</li>



<li>Diferencia horaria respecto a la hora media de Greenwich (GMT)</li>



<li>Contenido de la solicitud (página concreta)</li>



<li>Estado de acceso/código de estado HTTP</li>



<li>Cantidad de datos transferidos en cada caso</li>



<li>Sitio web desde el que procede la solicitud</li>



<li>Navegador</li>



<li>Sistema operativo y su interfaz</li>



<li>Idioma y versión del software del navegador</li>
</ul>



<p class="wp-block-paragraph">(2) Además de los datos mencionados anteriormente, se almacenan cookies en su ordenador cuando utiliza nuestro sitio web. Las cookies son pequeños archivos de texto que se almacenan en su disco duro y se asignan al navegador que utiliza, mediante los cuales determinada información llega a la entidad que establece la cookie (en este caso, nosotros). Las cookies no pueden ejecutar programas ni transmitir virus a su ordenador. Se utilizan para hacer que la oferta de Internet sea, en general, más fácil de usar y eficaz.</p>



<p class="wp-block-paragraph">(3) Uso de cookies:</p>



<ol class="wp-block-list">
<li>a) Este sitio web utiliza los siguientes tipos de cookies, cuyo alcance y funcionamiento se explican a continuación:</li>
</ol>



<ul class="wp-block-list">
<li>Cookies temporales (véase b)</li>



<li>Cookies persistentes (véase c).</li>
</ul>



<ol start="2" class="wp-block-list">
<li>b) Las cookies temporales se eliminan automáticamente cuando cierra el navegador. Entre ellas se incluyen especialmente las cookies de sesión. Estas almacenan un denominado ID de sesión, mediante el cual las distintas solicitudes de su navegador pueden asignarse a la misma sesión. Esto permite reconocer su ordenador cuando vuelve a visitar nuestro sitio web. Las cookies de sesión se eliminan cuando cierra sesión o cierra el navegador.</li>



<li>c) Las cookies persistentes se eliminan automáticamente después de un período predeterminado, que puede variar dependiendo de la cookie. Puede eliminar las cookies en cualquier momento desde la configuración de seguridad de su navegador.</li>



<li>d) Puede configurar su navegador según sus preferencias y, por ejemplo, rechazar la aceptación de cookies de terceros o de todas las cookies. Le advertimos de que es posible que en ese caso no pueda utilizar todas las funciones de este sitio web.</li>



<li>e) Utilizamos cookies para poder identificarle en visitas posteriores si dispone de una cuenta con nosotros. De lo contrario, tendría que iniciar sesión nuevamente en cada visita.</li>



<li>f) Las cookies Flash utilizadas no son detectadas por su navegador, sino por su <a href="https://ycona.one/glossary/plugin/">plug-in</a> de Flash. Asimismo, utilizamos objetos de almacenamiento HTML5 que se almacenan en su dispositivo. Estos objetos almacenan los datos necesarios independientemente del navegador utilizado y no tienen una fecha de caducidad automática. Si no desea que se procesen las cookies Flash, deberá instalar un <a href="https://gn.ycona.one/glossary/plugin/">complemento</a> adecuado, por ejemplo, “Better Privacy” para Mozilla Firefox (<a href="https://ycona.one/glossary/http/">https</a>://addons.mozilla.org/de/firefox/addon/betterprivacy/) o Adobe Flash Killer Cookie para Google Chrome. Puede impedir el uso de objetos de almacenamiento HTML5 utilizando el modo privado de su navegador. Asimismo, recomendamos eliminar manualmente y de forma periódica las cookies y el historial del navegador.</li>
</ol>



<h2 class="wp-block-heading">§ 4 Otras funciones y servicios de nuestro sitio web</h2>



<p class="wp-block-paragraph">(1) Además del uso meramente informativo de nuestro sitio web, ofrecemos diversos servicios que puede utilizar si está interesado. Para ello, normalmente deberá facilitar otros datos personales que utilizaremos para prestar el servicio correspondiente y a los que se aplicarán los principios de tratamiento de datos mencionados anteriormente.</p>



<p class="wp-block-paragraph">(2) En algunos casos recurrimos a proveedores de servicios externos para procesar sus datos. Estos han sido cuidadosamente seleccionados y contratados por nosotros, están sujetos a nuestras instrucciones y son supervisados periódicamente.</p>



<p class="wp-block-paragraph">(3) Asimismo, podemos transmitir sus datos personales a terceros cuando la participación en promociones, sorteos, celebración de contratos o servicios similares sean ofrecidos por nosotros conjuntamente con socios. Recibirá información más detallada al facilitar sus datos personales o en la descripción correspondiente de la oferta que figura a continuación.</p>



<p class="wp-block-paragraph">(4) En caso de que nuestros proveedores de servicios o socios tengan su sede en un país fuera del Espacio Económico Europeo (EEE), le informaremos de las consecuencias de dicha circunstancia en la descripción del servicio correspondiente.</p>



<h2 class="wp-block-heading">§ 5 Oposición o retirada del consentimiento al tratamiento de sus datos</h2>



<p class="wp-block-paragraph">(1) Si ha otorgado su consentimiento para el tratamiento de sus datos, puede retirarlo en cualquier momento. Dicha retirada afectará a la legitimidad del tratamiento de sus datos personales a partir del momento en que nos la comunique.</p>



<p class="wp-block-paragraph">(2) En la medida en que basemos el tratamiento de sus datos personales en una ponderación de intereses, puede oponerse al tratamiento. Este es especialmente el caso cuando el tratamiento no sea necesario para la ejecución de un contrato con usted, tal como se explica en las descripciones correspondientes de las funciones que figuran a continuación. En caso de ejercer dicho derecho de oposición, le rogamos que exponga las razones por las que no deberíamos tratar sus datos personales de la manera en que lo hacemos. En caso de que su oposición esté justificada, examinaremos la situación y procederemos a suspender o adaptar el tratamiento de los datos, o le indicaremos nuestros motivos legítimos imperiosos que justifican la continuación del tratamiento.</p>



<p class="wp-block-paragraph">(3) Por supuesto, puede oponerse en cualquier momento al tratamiento de sus datos personales con fines publicitarios y de análisis de datos. Puede informarnos de su oposición a la publicidad utilizando los datos de contacto indicados anteriormente.</p>



<h2 class="wp-block-heading">§ 6 Vigencia y modificación de esta Política de privacidad</h2>



<p class="wp-block-paragraph">La presente Política de privacidad está actualmente vigente y fue actualizada en julio de 2026. Debido al desarrollo continuo de nuestro sitio web y de los servicios ofrecidos en él, o como consecuencia de modificaciones de las disposiciones legales o reglamentarias, puede ser necesario modificar esta Política de privacidad. La versión vigente de la Política de privacidad puede consultarse e imprimirse en cualquier momento desde el sitio web.</p>
</div></div>



<div style="height:100px" aria-hidden="true" class="wp-block-spacer"></div>

<p>Política de privacidad § 1 Información sobre la recopilación de datos personales (1) A continuación le informamos sobre la recopilación de datos personales al utilizar nuestro sitio web. Los datos personales son todos aquellos datos que pueden relacionarse personalmente con usted, por ejemplo, nombre, dirección, direcciones de correo electrónico o comportamiento del usuario. (2) El [&hellip;]</p>
